{"id":18,"date":"2020-09-09T20:33:02","date_gmt":"2020-09-09T20:33:02","guid":{"rendered":"https:\/\/segurohogar.mx\/productos\/?page_id=18"},"modified":"2020-09-16T19:35:05","modified_gmt":"2020-09-16T19:35:05","slug":"seguro-para-hogar-aig","status":"publish","type":"page","link":"https:\/\/segurohogar.mx\/productos\/seguro-para-hogar-aig\/","title":{"rendered":"Seguro para Hogar AIG"},"content":{"rendered":"<h3>Protege tu casa con un Seguro para Hogar AIG<\/h3>\n<p>El seguro para Hogar AIG, brinda protecci\u00f3n integral a tus bienes inmuebles y contenidos ante los riesgos que ponga en peligro el patrimonio y el de tu familia.<\/p>\n<h4>Cobertura B\u00e1sica del Seguro para Hogar AIG:<\/h4>\n<ul>\n<li>Incendio y\/o rayo edificio<\/li>\n<li>Terremoto edificio<\/li>\n<li>Hidrometeorol\u00f3gico edificio<\/li>\n<li>Incendio y\/o rayo contenidos<\/li>\n<li>Terremoto contenido<\/li>\n<li>Hidrometeorol\u00f3gico contenidos<\/li>\n<li>Todo riesgo<\/li>\n<li>Remoci\u00f3n de escombros<\/li>\n<li>Gastos extraordinarios<\/li>\n<li>Perdida Rentas<\/li>\n<li>Responsabilidad Civil Familiar<\/li>\n<li>Responsabilidad Civil para estudiantes viviendo fuera del domicilio.<\/li>\n<\/ul>\n<h4>Coberturas Adicionales del Seguro para Hogar AIG:<\/h4>\n<ul>\n<li>Cerraduras<\/li>\n<li>Reparaciones para prevenci\u00f3n de futuros da\u00f1os<\/li>\n<li>Remoci\u00f3n de bienes para prevenir da\u00f1os o p\u00e9rdidas<\/li>\n<li>Reglamento o Ley<\/li>\n<li>Da\u00f1os a bienes usados para fines de negocio<\/li>\n<li>Desplome<\/li>\n<\/ul>\n<h4>Algunos de los beneficios adicionales del Seguro para Hogar AIG:<\/h4>\n<ul>\n<li>La garant\u00eda de servicio consta de atenci\u00f3n las 24 horas.<\/li>\n<li>Anticipo de hasta 50% de la p\u00e9rdida estimada.<\/li>\n<li>Reposici\u00f3n de cristales en 72 horas h\u00e1biles m\u00e1ximo.<\/li>\n<li>Si no se cumple con esta garant\u00eda, no se aplicar\u00e1 el deducible.<\/li>\n<\/ul>\n<p><strong>Otros beneficios<\/strong><\/p>\n<ul>\n<li>Incluye atenci\u00f3n telef\u00f3nica m\u00e9dica, odontolog\u00eda y nutricional.<\/li>\n<li>Tambi\u00e9n te recomiendan servicios de carpinter\u00eda y pintura con costo para el asegurado.<\/li>\n<li>Esta descripci\u00f3n de productos y coberturas es un resumen, por lo que, en cualquier caso, aplicar\u00e1n las condiciones generales del producto.<\/li>\n<\/ul>\n<p>Esta descripci\u00f3n de productos y coberturas es un resumen, por lo que, en cualquier caso, aplicar\u00e1n las condiciones generales del producto.<\/p>\n<h4>\u00bfC\u00f3mo y d\u00f3nde puedo contratar mi Seguro para Hogar AIG?<\/h4>\n<p>Puedes llenar el formulario que aparece en la parte inferior y nos comunicaremos contigo.<\/p>\n<p>Conoceremos tus necesidades particulares de protecci\u00f3n, te proporcionaremos la informaci\u00f3n sobre los distintos productos que respondan a ellas y te presentaremos las ofertas de las distintas Aseguradoras de las que somos agentes para que puedas seleccionar la mejor opci\u00f3n.<\/p>\n<p><a href=\"http:\/\/proventum.com.mx\/\">Para otro tipo de seguros puedes visitar nuestra p\u00e1gina www.proventum.com.mx<\/a><\/p>\n<p><strong>SOLICITAR COTIZACION<\/strong><\/p>\n<link rel=\"stylesheet\" type=\"text\/css\" href=\"https:\/\/proventum.info\/forms\/css\/forms.css\"><script src=\"https:\/\/www.google.com\/recaptcha\/api.js\"><\/script><script src=\"https:\/\/ajax.googleapis.com\/ajax\/libs\/jquery\/2.1.1\/jquery.min.js\"><\/script><script type=\"text\/javascript\" src=\"https:\/\/proventum.info\/forms\/js\/origen.js\"><\/script><br><form class=\"forms\" id=\"cotizacion_form\" method=\"POST\" action=\"https:\/\/segurohogar.mx\/productos\/enviar\/\" id=\"Cotizacion\"><div class=\"contenedor\"><div class=\"full-w\"><p>1.- SELECCIONA EL PRODUCTO DEL QUE SOLICITAS COTIZACI\u00d3N<\/p><select name=\"Seguro\" id=\"Seguro\" class=\"form-control form-control-lg\" required> <option value=\"Seguro para Edificios en Condominio\">Seguro para Edificios en Condominio<\/option> <option value=\"Seguro de Casa VIBIA ABA CHUBB\">Seguro de Casa VIBIA ABA CHUBB<\/option> <option value=\"Seguro para Hogar AIG\">Seguro para Hogar AIG<\/option> <option value=\"Seguro para Hogar Zurich\">Seguro para Hogar Zurich<\/option> <option value=\"Seguro para Hogar GMX\">Seguro para Hogar GMX<\/option> <option value=\"Seguro para Hogar SURA\">Seguro para Hogar SURA<\/option> <option value=\"Seguro para Hogar MAPFRE\">Seguro para Hogar MAPFRE<\/option><option value=\"Otros\">Otros<\/option> <\/select><p>2.- TIPO DE VIVIENDA<\/p><select name=\"Vivienda\" id=\"Vivienda\" class=\"select\"> <option value=\"Condominio Horizontal\">Condominio Horizontal<\/option> <option value=\"Condominio Vertical\">Condominio Vertical<\/option> <option value=\"Unifamiliar\">Unifamiliar<\/option> <option value=\"Residencia\">Residencia<\/option><\/select><\/div><div class=\"full-w\"><div class=\"mitad-w\"> <p>*Si la Vivienda es Vertical<\/p><input name=\"Pisos\" type=\"text\" class=\"form-control\" id=\"Pisos\" placeholder=\"Pisos\" required> <\/div> <div class=\"mitad-w\"> <p>No. de Piso en el que vive<\/p><input name=\"Depto\" type=\"text\" class=\"form-control\" id=\"Depto\" placeholder=\"Depto\" required> <\/div><\/div><div class=\"full-w\"><div class=\"mitad-w\"> <p>Medidas de seguridad vs robo<\/p><select name=\"Seguridad\" id=\"Seguridad\" class=\"select\"> <option value=\"Vigilancia\">Vigilancia<\/option> <option value=\"Alarma local\">Alarma local<\/option> <option value=\"Alarma central\">Alarma central<\/option> <option value=\"Alarma local y central\">Alarma local y central<\/option> <option value=\"Sin medidas de seguridad\">Sin medidas de seguridad<\/option> <\/select><\/div><div class=\"mitad-w\"> <p>Distancia de rio, lago, laguna o mar<\/p><select name=\"Distancia\" id=\"Distancia\" class=\"select\"> <option value=\"mas de 250 metros\">M\u00e1s de 250 metros<\/option> <option value=\"menos de 250 metros\">Menos de 250 metros<\/option> <\/select><\/div><\/div><div class=\"full-w\"><div class=\"mitad-w\"> <p>Material de Construcci\u00f3n<\/p><input name=\"Muros\" type=\"text\" class=\"form-control\" id=\"Muros\" placeholder=\"Muros\" required><\/div><div class=\"mitad-w\"> <p>Material de Techo<\/p><input name=\"Techos\" type=\"text\" class=\"form-control\" id=\"Techos\" placeholder=\"Techos\" required> <\/div><\/div><div class=\"full-w\"><div class=\"mitad-w\"> <p>Valor de los Contenidos<\/p><input name=\"Valor\" type=\"text\" class=\"form-control\" id=\"Valor\" placeholder=\"Valor de los Contenidos\" required> <\/div><div class=\"mitad-w\"> <p>Metros Cuadrados Construidos<\/p><input name=\"Metros\" type=\"text\" class=\"form-control\" id=\"Muros\" placeholder=\"Muros\" required><\/div><\/div><div class=\"full-w\"><div class=\"mitad-w\"> <p>Precio de la vivienda(sin contar terreno<\/p><input name=\"Precio\" type=\"text\" class=\"form-control\" id=\"Precio\" placeholder=\"Precio\" required> <\/div><div class=\"mitad-w\"> <p>C\u00f3digo Postal<\/p><input name=\"CP\" type=\"text\" class=\"form-control\" id=\"CP\" placeholder=\"C.P.\" required> <\/div><\/div><div class=\"full-w\"> <p>3.- DATOS PARA CONTACTO<\/p> <div class=\"mitad-w\"> <input name=\"Nombre\" type=\"text\" class=\"form-control\" id=\"nombre\" placeholder=\"Nombre(s)\" required> <\/div> <div class=\"mitad-w\"> <input name=\"Apellidos\" type=\"text\" class=\"form-control\" id=\"Apellidos\" placeholder=\"Apellidos\" required> <\/div><\/div><div class=\"full-w\"> <div class=\"mitad-w\"> <input name=\"Direccion\" type=\"text\" class=\"form-control\" id=\"direccion\" placeholder=\"Direcci\u00f3n\" required> <\/div> <div class=\"mitad-w\"> <input name=\"Ciudad\" type=\"text\" class=\"form-control\" id=\"Ciudad\" placeholder=\"Ciudad Y Estado\" required> <\/div><\/div><div class=\"full-w\"> <div class=\"mitad-w\"> <input name=\"Tel\" type=\"text\" class=\"form-control\" id=\"Tel\" placeholder=\"Tel\u00e9fono Fijo\" required> <\/div> <div class=\"mitad-w\"> <input name=\"Movil\" type=\"text\" class=\"form-control\" id=\"Movil\" placeholder=\"Tel\u00e9fono M\u00f3vil\" required> <\/div> <div class=\"mitad-w\"> <input type=\"email\" class=\"form-control\" id=\"Email\" placeholder=\"Email\" name=\"Email\" required> <\/div><\/div><div class=\"full-w\"> <p>4.- COMENTARIOS<\/p> <textarea class=\"text-a\" id=\"Comentarios\" contenedors=\"3\" name=\"Comentarios\"><\/textarea> <input type=\"hidden\" name=\"Origen\" id=\"Origen\" required readonly=\"readonly\"> <p>*Al enviar este formulario Usted acepta nuestra <a href=\"https:\/\/segurohogar.mx\/seguros_para_hogar\/privacidad.php\" target=\"_blank\">POL\u00cdTICA DE PRIVACIDAD<\/a><\/p> <div class=\"g-recaptcha\" data-sitekey=\"6LfraQkTAAAAACYQ-IEM0qbYLmf47Ju7Nzho1Ns0\"><\/div> <input class=\"btn-lg btn btn-outline-danger\" type=\"submit\" name=\"Enviar Solicitud\"><\/input> <\/div><\/div><\/form>\n","protected":false},"excerpt":{"rendered":"<p>Protege tu casa con un Seguro para Hogar AIG El seguro para Hogar AIG, brinda protecci\u00f3n integral a tus bienes inmuebles y contenidos ante los riesgos que ponga en peligro el patrimonio y el de tu familia. Cobertura B\u00e1sica del Seguro para Hogar AIG: Incendio y\/o rayo edificio Terremoto edificio Hidrometeorol\u00f3gico edificio Incendio y\/o rayo [&hellip;]<\/p>\n","protected":false},"author":1,"featured_media":62,"parent":0,"menu_order":0,"comment_status":"closed","ping_status":"closed","template":"template-fullwidth.php","meta":[],"acf":[],"yoast_head":"<!-- This site is optimized with the Yoast SEO plugin v20.11 - https:\/\/yoast.com\/wordpress\/plugins\/seo\/ -->\n<title>Seguro para Hogar AIG - Seguro Hogar<\/title>\n<meta name=\"description\" content=\"Conoce las caracter\u00edsticas del seguro para hogar AIG y cotiza y contrata a trav\u00e9s de Proventum Agente de Seguros y de Fianzas\" \/>\n<meta name=\"robots\" content=\"index, follow, max-snippet:-1, max-image-preview:large, max-video-preview:-1\" \/>\n<link rel=\"canonical\" href=\"https:\/\/segurohogar.mx\/productos\/seguro-para-hogar-aig\/\" \/>\n<meta property=\"og:locale\" content=\"es_ES\" \/>\n<meta property=\"og:type\" content=\"article\" \/>\n<meta property=\"og:title\" content=\"Seguro para Hogar AIG - Seguro Hogar\" \/>\n<meta property=\"og:description\" content=\"Conoce las caracter\u00edsticas del seguro para hogar AIG y cotiza y contrata a trav\u00e9s de Proventum Agente de Seguros y de Fianzas\" \/>\n<meta property=\"og:url\" content=\"https:\/\/segurohogar.mx\/productos\/seguro-para-hogar-aig\/\" \/>\n<meta property=\"og:site_name\" content=\"Seguro Hogar\" \/>\n<meta property=\"article:modified_time\" content=\"2020-09-16T19:35:05+00:00\" \/>\n<meta property=\"og:image\" content=\"https:\/\/segurohogar.mx\/productos\/wp-content\/uploads\/2020\/09\/Seguro-Hogar-2.jpg\" \/>\n\t<meta property=\"og:image:width\" content=\"800\" \/>\n\t<meta property=\"og:image:height\" content=\"533\" \/>\n\t<meta property=\"og:image:type\" content=\"image\/jpeg\" \/>\n<meta name=\"twitter:card\" content=\"summary_large_image\" \/>\n<meta name=\"twitter:label1\" content=\"Tiempo de lectura\" \/>\n\t<meta name=\"twitter:data1\" content=\"2 minutos\" \/>\n<script type=\"application\/ld+json\" class=\"yoast-schema-graph\">{\"@context\":\"https:\/\/schema.org\",\"@graph\":[{\"@type\":\"WebPage\",\"@id\":\"https:\/\/segurohogar.mx\/productos\/seguro-para-hogar-aig\/\",\"url\":\"https:\/\/segurohogar.mx\/productos\/seguro-para-hogar-aig\/\",\"name\":\"Seguro para Hogar AIG - Seguro Hogar\",\"isPartOf\":{\"@id\":\"https:\/\/segurohogar.mx\/productos\/#website\"},\"datePublished\":\"2020-09-09T20:33:02+00:00\",\"dateModified\":\"2020-09-16T19:35:05+00:00\",\"description\":\"Conoce las caracter\u00edsticas del seguro para hogar AIG y cotiza y contrata a trav\u00e9s de Proventum Agente de Seguros y de Fianzas\",\"breadcrumb\":{\"@id\":\"https:\/\/segurohogar.mx\/productos\/seguro-para-hogar-aig\/#breadcrumb\"},\"inLanguage\":\"es\",\"potentialAction\":[{\"@type\":\"ReadAction\",\"target\":[\"https:\/\/segurohogar.mx\/productos\/seguro-para-hogar-aig\/\"]}]},{\"@type\":\"BreadcrumbList\",\"@id\":\"https:\/\/segurohogar.mx\/productos\/seguro-para-hogar-aig\/#breadcrumb\",\"itemListElement\":[{\"@type\":\"ListItem\",\"position\":1,\"name\":\"Portada\",\"item\":\"https:\/\/segurohogar.mx\/productos\/\"},{\"@type\":\"ListItem\",\"position\":2,\"name\":\"Seguro para Hogar AIG\"}]},{\"@type\":\"WebSite\",\"@id\":\"https:\/\/segurohogar.mx\/productos\/#website\",\"url\":\"https:\/\/segurohogar.mx\/productos\/\",\"name\":\"Seguro Hogar\",\"description\":\"\",\"potentialAction\":[{\"@type\":\"SearchAction\",\"target\":{\"@type\":\"EntryPoint\",\"urlTemplate\":\"https:\/\/segurohogar.mx\/productos\/?s={search_term_string}\"},\"query-input\":\"required name=search_term_string\"}],\"inLanguage\":\"es\"}]}<\/script>\n<!-- \/ Yoast SEO plugin. -->","yoast_head_json":{"title":"Seguro para Hogar AIG - Seguro Hogar","description":"Conoce las caracter\u00edsticas del seguro para hogar AIG y cotiza y contrata a trav\u00e9s de Proventum Agente de Seguros y de Fianzas","robots":{"index":"index","follow":"follow","max-snippet":"max-snippet:-1","max-image-preview":"max-image-preview:large","max-video-preview":"max-video-preview:-1"},"canonical":"https:\/\/segurohogar.mx\/productos\/seguro-para-hogar-aig\/","og_locale":"es_ES","og_type":"article","og_title":"Seguro para Hogar AIG - Seguro Hogar","og_description":"Conoce las caracter\u00edsticas del seguro para hogar AIG y cotiza y contrata a trav\u00e9s de Proventum Agente de Seguros y de Fianzas","og_url":"https:\/\/segurohogar.mx\/productos\/seguro-para-hogar-aig\/","og_site_name":"Seguro Hogar","article_modified_time":"2020-09-16T19:35:05+00:00","og_image":[{"width":800,"height":533,"url":"https:\/\/segurohogar.mx\/productos\/wp-content\/uploads\/2020\/09\/Seguro-Hogar-2.jpg","type":"image\/jpeg"}],"twitter_card":"summary_large_image","twitter_misc":{"Tiempo de lectura":"2 minutos"},"schema":{"@context":"https:\/\/schema.org","@graph":[{"@type":"WebPage","@id":"https:\/\/segurohogar.mx\/productos\/seguro-para-hogar-aig\/","url":"https:\/\/segurohogar.mx\/productos\/seguro-para-hogar-aig\/","name":"Seguro para Hogar AIG - Seguro Hogar","isPartOf":{"@id":"https:\/\/segurohogar.mx\/productos\/#website"},"datePublished":"2020-09-09T20:33:02+00:00","dateModified":"2020-09-16T19:35:05+00:00","description":"Conoce las caracter\u00edsticas del seguro para hogar AIG y cotiza y contrata a trav\u00e9s de Proventum Agente de Seguros y de Fianzas","breadcrumb":{"@id":"https:\/\/segurohogar.mx\/productos\/seguro-para-hogar-aig\/#breadcrumb"},"inLanguage":"es","potentialAction":[{"@type":"ReadAction","target":["https:\/\/segurohogar.mx\/productos\/seguro-para-hogar-aig\/"]}]},{"@type":"BreadcrumbList","@id":"https:\/\/segurohogar.mx\/productos\/seguro-para-hogar-aig\/#breadcrumb","itemListElement":[{"@type":"ListItem","position":1,"name":"Portada","item":"https:\/\/segurohogar.mx\/productos\/"},{"@type":"ListItem","position":2,"name":"Seguro para Hogar AIG"}]},{"@type":"WebSite","@id":"https:\/\/segurohogar.mx\/productos\/#website","url":"https:\/\/segurohogar.mx\/productos\/","name":"Seguro Hogar","description":"","potentialAction":[{"@type":"SearchAction","target":{"@type":"EntryPoint","urlTemplate":"https:\/\/segurohogar.mx\/productos\/?s={search_term_string}"},"query-input":"required name=search_term_string"}],"inLanguage":"es"}]}},"_links":{"self":[{"href":"https:\/\/segurohogar.mx\/productos\/wp-json\/wp\/v2\/pages\/18"}],"collection":[{"href":"https:\/\/segurohogar.mx\/productos\/wp-json\/wp\/v2\/pages"}],"about":[{"href":"https:\/\/segurohogar.mx\/productos\/wp-json\/wp\/v2\/types\/page"}],"author":[{"embeddable":true,"href":"https:\/\/segurohogar.mx\/productos\/wp-json\/wp\/v2\/users\/1"}],"replies":[{"embeddable":true,"href":"https:\/\/segurohogar.mx\/productos\/wp-json\/wp\/v2\/comments?post=18"}],"version-history":[{"count":5,"href":"https:\/\/segurohogar.mx\/productos\/wp-json\/wp\/v2\/pages\/18\/revisions"}],"predecessor-version":[{"id":87,"href":"https:\/\/segurohogar.mx\/productos\/wp-json\/wp\/v2\/pages\/18\/revisions\/87"}],"wp:featuredmedia":[{"embeddable":true,"href":"https:\/\/segurohogar.mx\/productos\/wp-json\/wp\/v2\/media\/62"}],"wp:attachment":[{"href":"https:\/\/segurohogar.mx\/productos\/wp-json\/wp\/v2\/media?parent=18"}],"curies":[{"name":"wp","href":"https:\/\/api.w.org\/{rel}","templated":true}]}}